 What is the greatest common factor of a and o?
13
Suppose -3059 = -5*c - 2*p - 530, -2*c = -p - 1017. What is the highest common factor of 78 and c?
39
Let z be 1 + -1 - -3 - (-11 - -34). Let k be 5 - (-11 - z/(-5)). What is the greatest common factor of k and 80?
20
Suppose -406 = -34*j + 206. Calculate the greatest common factor of j and 180.
18
Suppose 2*b - 94 = 72. Suppose b = 2*h - 159. Calculate the greatest common factor of h and 11.
11
Let q = -37 + 69. Let b be ((-128)/10)/((-6)/165). What is the greatest common factor of b and q?
32
Suppose 7*t = 4*t + 399. Suppose -11*k + 4*q = -6*k - 87, 49 = 3*k - 4*q. What is the greatest common divisor of k and t?
19
Let c(u) = -2*u**2 - 21*u + 8. Let f be c(-10). What is the highest common divisor of f and 198?
18
Let o(l) = l**2 - 29*l - 163. Let f be o(34). Let v be (2/(-3))/((-4)/6). Let w be (v + -1)/(-1) + 49. Calculate the highest common divisor of w and f.
7
Let r be (-3 + (7 - 1))*1. Let a be 0 + (-1 - -3) + r. Suppose a*w + 32 = 152. What is the highest common factor of w and 8?
8
Let i = -12 - -15. Suppose -6*q + 84 = -i*q. Suppose 3*f + 1 = -2*c, -5*c + 30 = -0*f + f. Calculate the highest common factor of q and c.
7
Let z(l) = -10*l**2 - 2*l + 1. Let d be z(-1). Let x = d + 13. Calculate the greatest common divisor of 24 and x.
6
Let q be 0/2 - (13 - -12). Let y = q + 54. What is the highest common divisor of 261 and y?
29
Let y(o) = 133*o - 9. Let q be y(-3). Let s = -283 - q. What is the highest common divisor of s and 50?
25
Suppose 90*m - 918 = 56*m. Calculate the highest common factor of 1809 and m.
27
Suppose -14*i + 288 = -2*i. Suppose 0 = 4*y - 24 - 24. Calculate the greatest common factor of y and i.
12
Suppose -2*v + 3*d - 18 = -211, 474 = 5*v + d. What is the greatest common factor of v and 133?
19
Let c(h) = 3*h**2 - 14*h - 4. Let b be c(-27). What is the greatest common divisor of 13 and b?
13
Let j be 6468/20 - 6/(-10). What is the greatest common divisor of j and 12?
12
Let h(b) = b**2 - 14*b - 6. Let w be h(4). Let t = 67 + w. Calculate the greatest common divisor of 35 and t.
7
Suppose 10*v = 72*v - 434. What is the highest common factor of v and 9?
1
Let z(v) = -2*v**3 - 52*v**2 - 2*v - 25. Let n be z(-26). Calculate the greatest common divisor of 837 and n.
27
Suppose 4 = 4*l, 0 = -2*q + 7*q + 4*l - 14. Let h be 3 + 105/14 - q/(-4). What is the highest common divisor of 88 and h?
11
Let m be ((-9)/12)/((-3)/12). Let k be (16/m)/((-2)/6). Let s = k + 17. What is the highest common factor of s and 1?
1
Let g(l) = 8*l**2 + 1. Let m be g(-1). Suppose -t + 34 = m. Let d be 21/4 + 3/(-12). Calculate the highest common divisor of d and t.
5
Let d = 57 + -53. Suppose d*o + 3*h + 2*h = 499, 4*h = 3*o - 351. Calculate the highest common divisor of 11 and o.
11
Let p(u) = -u**3 - 15*u**2 - 14*u - 4. Let s be p(-14). Suppose 19 - 3 = 4*h. Let g be (-8)/h*(-48 - s). What is the highest common divisor of 8 and g?
8
Suppose -5*a = -3 - 12. Let m = 129 + -117. What is the highest common factor of m and a?
3
Let o = -10 - -17. Suppose -o*t = -11*t. Suppose 52 = n - t*n. Calculate the highest common divisor of n and 13.
13
Let k(h) = -11*h**3 - h**2 - h - 1. Let t be k(-1). Let d(o) = o**3 - o**2 - 4*o - 2. Let l be d(4). Calculate the greatest common divisor of t and l.
10
Let g(p) = -2*p - 6. Let v(h) = -4*h + 3. Let i be v(3). Let q be 2/(-4)*i*-2. Let l be g(q). Calculate the greatest common divisor of l and 12.
12
Let r = 10 - -12. Calculate the greatest common divisor of 22 and r.
22
Let s be (-22334)/(-169) + (-4)/26. What is the greatest common factor of 220 and s?
44
Suppose -3*b - 4*d - 61 = 0, -4*b + 5*b - 5*d + 52 = 0. Let n = -18 - b. Let w = -400 + 472. Calculate the highest common factor of w and n.
9
Let u(b) = 866*b - 11. Let t be u(1). Calculate the highest common divisor of 95 and t.
95
Suppose -6*g + 143 + 583 = 0. Suppose -5*m = g - 841. Let h be (3/(-6))/((-2)/72). Calculate the highest common divisor of m and h.
18
Let v(x) = 71*x**2 - 22*x - 23. Let b be v(-1). Calculate the greatest common divisor of 140 and b.
70
Let w(s) = s**3 - 4*s**2 - 9*s - 13. Let p be w(6). Suppose 3*m + 4 = 1, 0 = t - p*m - 37. Calculate the highest common divisor of 160 and t.
32
Let k be 12/(-9) - 16/(-12). Suppose d = 2*q + 54, -4*d + 4*q - 5*q + 171 = k. What is the highest common divisor of 110 and d?
22
Suppose 27 = 5*s + j, -4*s - 2*j + 30 = 3*j. Let p be (6 + 0)*(7 - 180/27). Calculate the highest common divisor of p and s.
1
Let d(y) = 57*y**3 - 3*y**2 + 5*y - 3. Let t be -4*(-2)/28 + (-20)/(-28). Let f be d(t). Calculate the highest common factor of 28 and f.
28
Let y(g) be the third derivative of -g**4/24 + 9*g**3 - g**2 - 5*g. Let c = 0 + 0. Let b be y(c). Calculate the greatest common factor of 81 and b.
27
Let o(q) = -2*q**2 + 24*q - 19. Let b be o(13). Let m = b + 55. What is the greatest common divisor of 2 and m?
2
Let j(o) = o**3 + 3*o**2 - 5. Let a(u) = -2*u + 31. Let b be a(17). Let m be j(b). Let n be 286/65 - (-2)/m. Calculate the greatest common divisor of n and 36.
4
Let f be ((1 - 0)*8)/(2/7). Let k be -166 + (-1 - 0 - 1). Let y = f - k. Calculate the highest common factor of y and 28.
28
Let n = 35 - 34. Suppose j = -n - 5. Let m = 22 + j. What is the greatest common factor of 40 and m?
8
Let m(u) be the first derivative of u**4/4 + u**3 - u**2/2 - u - 10. Let t be m(3). Calculate the highest common factor of 10 and t.
10
Let v(c) = -c**2 - 10*c + 20. Let f be v(-10). Suppose -4*d = -52 - f. Calculate the highest common factor of 9 and d.
9
Let n be ((-112)/(-72))/(-7) + (-11704)/(-18). Calculate the greatest common divisor of 50 and n.
50
Let q be (-2)/10 - 242/(-10). Let y = -27 - -42. Suppose 84 = y*n - 8*n. What is the greatest common divisor of q and n?
12
Let q be (1 - 11/13) + (-8757)/(-117). Let t = q + 21. Calculate the greatest common divisor of t and 32.
32
Let q(i) = -3*i**2 + 25*i + 8. Let a be q(8). Calculate the greatest common divisor of 52 and a.
4
Let z = -62 - -110. Let t(b) = b + 5. Let g be 2 - -1 - (1 - 1). Let u be t(g). Calculate the highest common factor of z and u.
8
Suppose 2*p + 5*a = -p + 114, -2*p + 76 = -3*a. Suppose -12*c = 408 - 4056. Calculate the highest common factor of p and c.
38
Suppose 0 = -13*n + 10*n + 165. Calculate the highest common factor of 11 and n.
11
Let f(m) = -m - 2. Let k be f(-4). Suppose -k*a = -7*a + 15. Suppose 2*l = a*l - 28. Calculate the highest common divisor of 70 and l.
14
Suppose -w = -c - 914, -3*c = -3*w - 7*c + 2735. What is the greatest common divisor of w and 249?
83
Let h = 22 - 15. Suppose h + 0 = m. Calculate the greatest common divisor of m and 21.
7
Let r = -581 - -620. What is the highest common divisor of 65 and r?
13
Suppose -4*a - 220 = -4*x, 2*x - a = 42 + 73. Calculate the greatest common factor of x and 420.
60
Suppose -6*y + 1721 = -73. What is the greatest common factor of 13 and y?
13
Suppose 13*q + 24 = 21*q. Let c(x) = -2 + 5 + 4*x + 0*x. Let b be c(q). What is the highest common divisor of b and 45?
15
Let s(n) = -n**3 + 3*n + 2. Suppose j - 2 + 1 = -c, 5*c - j = -13. Let a be s(c). Calculate the highest common divisor of 36 and a.
4
Let y = 231 + -166. Let k(w) = -w - 1. Let d(r) = 20*r + 9. Let q(b) = -d(b) - 5*k(b). Let v be q(-2). What is the greatest common factor of v and y?
13
Let u(p) = p**3 - 5*p**2 - 6*p + 2. Let j be u(6). Let n be 1864/48 - 1/(-6). Let m = -21 + n. What is the greatest common factor of j and m?
2
Let u be (-20)/3*6/(-4). Let l(b) = -b - 4. Let w be l(-7). Suppose r = -5*x - r + 460, -4*x = -w*r - 345. What is the greatest common factor of u and x?
10
Suppose 2*o = 6*o - 32. Calculate the highest common divisor of 20 and o.
4
Suppose -32*v + 75*v - 2451 = 0. What is the highest common factor of 266 and v?
19
Let l(q) = -q**3 - 2*q**2 + 24*q - 21. Let r be l(-7). Calculate the greatest common divisor of 392 and r.
56
Let u(s) = -s + 7. Let d be u(5). Let p be (d/(-2) + 0)*-40. Let f(q) = 3*q**2 + 12*q - 5. Let a be f(-5). Calculate the highest common factor of p and a.
10
Suppose -3*w - 4*f + 212 = 42, w - 50 = -3*f. What is the highest common factor of 248 and w?
62
Let w = 1392 + -1374. What is the greatest common divisor of w and 30?
